(y) = -7*y**2 + y + 1. Let x(c) = -i(c) - 6*t(c). Let u(d) = -d**3 + 4*d**2 + 4*d + 1. Let o be u(5). Give x(o).
-5
Let j(n) = 2*n**2 + 7. Let y(d) = -d**2 - d - 6. Let c(t) = 2*j(t) + 3*y(t). Give c(3).
-4
Let p(c) be the first derivative of -c**5/20 + 5*c**4/12 - 5*c**3/6 - c**2 + c + 3. Let o(u) be the first derivative of p(u). Calculate o(4).
-6
Let d(f) = f**3 + 4*f**2 - 4*f + 7. Let c be d(-5). Let t(g) = 5*g**2 + 6*g**c + 3*g - 5*g**2 - 1 - 7*g**2. Determine t(3).
-1
Suppose -4*m - 23 = -5*s, 2*m + 19 = 2*s + 3*s. Let z(t) = -t**2 + 0*t**2 + 3 + t + t. What is z(m)?
-5
Let h(x) = 2*x - 3. Suppose -4*d - 21 = z, -3*d - 2*z = 9 + 8. Let j = d - -8. Calculate h(j).
3
Let f(g) = -2*g + 5. Let v be 3 + (-2 - 0 - -1). Suppose 0 = -3*q - v*u + 10, 0*u = q + u - 3. Calculate f(q).
-3
Let y be (4/12)/((-1)/(-12)). Suppose -w = 1 + y. Let z(m) = m**3 + 6*m**2 + 5*m - 1. Determine z(w).
-1
Let w = -47 + 53. Let a(z) = -z**3 + 5*z**2 + 7*z + 6. What is a(w)?
12
Let j(c) = c**2 + 3*c + 1. Let t = 10 - 8. Let v be (-9)/t*(2 + 0). Let g = v - -6. Calculate j(g).
1
Let o = 9 + -6. Let u = o - 3. Let g(x) = x + 5 + u*x - 1. Give g(-4).
0
Let d(q) be the third derivative of -11*q**5/60 - q**2. Suppose -4*v = -3 + 7. Give d(v).
-11
Let f(c) = 6*c + 3. Let l(q) = q. Let j(z) = f(z) - 3*l(z). Suppose -m = 2*m + 3*s + 27, 3*m = 3*s - 33. Let y = -14 - m. What is j(y)?
-9
Let q(n) = n**2 - 1. Let t = 10 - 6. Let z(r) = -r**2 - r + 1. Let a(y) = t*q(y) + 3*z(y). Calculate a(4).
3
Let q be (-10)/(-15) - (-28)/(-6). Let p(j) = j**3 + 3*j**2 - 3*j - 5. Calculate p(q).
-9
Let g = 1 + -1. Suppose -r + 1 = -g. Let l(c) be the third derivative of -c**6/15 - c**4/12 + c**3/6 + 2*c**2. Give l(r).
-9
Let t(n) = -6*n + 4*n + 3*n. Let u(x) = -x**3 + 10*x**2 + x - 5. Suppose 1 = -m, -a = 3*a - 2*m - 42. Let y be u(a). What is t(y)?
5
Suppose -31 = -2*c + v, -2*v + 66 = 4*c - 0*v. Suppose 0 = -3*x - c + 4. Let y(d) be the first derivative of d**2/2 + 4*d - 14. What is y(x)?
0
Let y(g) = g**3 + 6*g**2. Suppose 3*x + 18 = -0*x. Let z be y(x). Let i(s) = s - 1. Determine i(z).
-1
Let i(h) be the second derivative of h**5/20 + h**4/6 - h**2 - 11*h. Calculate i(-3).
-11
Suppose -3*t = -t, 3*c - 2*t = -6. Let x = 7 + c. Let b(k) = -k**2 + 2*k + 1. Determine b(x).
-14
Let x(v) = v - 2. Let l = 6 - 6. What is x(l)?
-2
Let n(c) = -c. Let a(p) = -p - 14. Let s be a(-17). Calculate n(s).
-3
Let f = -9 - -11. Let j(s) = -9*s - 9 + 13*s**2 - 11*s**2 - 3*s**f. Give j(-6).
9
Let f(v) = -2*v**2 - 2*v + 3. Let q be (-5)/(-10) + (-7)/2. Give f(q).
-9
Let o be 1/1 + 21/3. Suppose o + 1 = -3*m. Let i(u) = 2*u**2 + 2*u**2 - 3*u - 7*u**2 - 2 + 2*u**2. What is i(m)?
-2
Suppose 2*x = 3*g + 5 + 5, 2 = x. Let j(s) = s**2 - 2*s. Give j(g).
8
Let l(y) = 7*y**2 - 2*y + 1. Suppose -3*z + 13 = 10. Give l(z).
6
Suppose -l + 2 = l, 2 = -2*s + 4*l. Let j be 3 + -2 + 1/s. Let z(g) = 3*g + 0*g**2 - 2*g**2 + 0*g**2 + 0*g**2. Give z(j).
-2
Let w(o) = -o**2 - 12*o + 3. Let u be w(-12). Let j(t) = -5*t + 3. What is j(u)?
-12
Let a(m) = -4 + 389*m - 198*m - 193*m + 2. Suppose 5*d = 4*j + 17 - 54, 2*d = 3*j - 19. Determine a(d).
8
Let k(b) = -b - 2. Suppose z - 3*z - 8 = 0. What is k(z)?
2
Let m(k) = -k**3 + 4*k**2 + 1. Let u = 3 - -1. What is m(u)?
1
Let f(s) = s**2 + s + 1. Let j(z) be the first derivative of -2*z**3 - 3*z + 1. Let q(w) = 2*f(w) + j(w). Give q(1).
-3
Let k(v) = 8 - v + 1 + 6 - 3. Determine k(0).
12
Let k(r) = r - 3. Let n(b) = 3*b + 29. Let y be n(-7). What is k(y)?
5
Let v(d) = -4*d**3 + d**2 - 1. Let f be (-20)/90 + (-20)/(-9) + -1. What is v(f)?
-4
Let m(t) = -t**3 + 11*t**2 + 2*t - 4. Let u(c) = c**3 - 10*c**2 - 2*c + 5. Let x(a) = 3*m(a) + 4*u(a). Determine x(7).
-6
Let b be 2/8 + (-11)/(-4). Let t(p) = -2*p**2 - 5*p**2 + p**3 + 0*p**b + 2*p**2. Calculate t(5).
0
Let n(j) = 2*j - 6. Let a(v) = -5*v**3 + 2*v**2 + 4*v + 2. Let f be a(-1). What is n(f)?
4
Suppose 0 = 2*h - 0 - 8. Let q(u) = u**3 - 6*u**2 + 3*u + 1. Determine q(h).
-19
Let b(g) = g - 23. Let q be (3 + -3)*(1 + 3/(-4)). Give b(q).
-23
Let u(o) = o - 3. Let d = -15 - -25. Suppose -2*k - 3*n = 7, 2 - d = 3*k + 4*n. Suppose 5*h - 61 = -4*q - 26, 3*q - k*h - 3 = 0. Give u(q).
2
Let k = -5 + 14. Suppose -k = -2*g - 1. Let o(x) = x + 2. Give o(g).
6
Let r = 17 + -12. Suppose 7 - 32 = -r*g. Let b(f) = -f**3 + 4*f**2 + 3*f + 2. Determine b(g).
-8
Let j(d) = -d**3 + 5*d**2 - 3*d - 2. Let k be j(4). Let v(f) = 1 - 2*f**3 + f - 4*f**k + 3*f + f**3. Let u = -13 - -8. Determine v(u).
6
Let i(a) = -a**2 + 6*a + 4. Let l(c) = c**2 + 1. Let s(u) = u**3 + 3*u**2 + 3*u - 3. Let y(b) = -2*l(b) - s(b). Let h be y(-4). Let n = h - -7. Give i(n).
12
Let q(z) be the second derivative of -z**7/2520 + z**6/180 - z**5/60 + z**4/12 + 3*z. Let f(x) be the third derivative of q(x). Let n = 9 + -5. Calculate f(n).
-2
Let i(l) = 1 + 5*l - 3*l - 6*l**2 - l. What is i(-1)?
-6
Let u(q) = -q + 9. Let d(r) = 11. Let t(j) = -2*d(j) + 3*u(j). What is t(5)?
-10
Suppose -4 = -3*v + 5. Let b(z) = 2*z**2 - 5*z**v + 1 - 2*z**2 + z - z**2 + 0. Let p(l) = 2*l + 3. Let t be p(-2). Determine b(t).
4
Suppose -3 + 1 = f. Suppose -3 = n, -5*m + 4 = 3*n + 28. Let d = f + m. Let z(a) = -a**2 - 4*a. Calculate z(d).
-5
Let r(s) = s**2 + s + 1. Let h be r(0). Let d be 14/(-4)*(-4)/2. Let b(n) = 1 - n + 0*n + 0 + d*n**2. Give b(h).
7
Let w(s) = 2*s + 3. Suppose 0 = 2*x - 0*x - 12. Let d = 8 - x. Suppose y - d*y = 3. Calculate w(y).
-3
Let x = 2 + 1. Let z(b) = -b**3 + 5*b**2 + 3*b + 6. Let i(k) = -2*k**3 + 9*k**2 + 6*k + 11. Let a(u) = -3*i(u) + 5*z(u). What is a(x)?
-3
Let w(u) = u**2 - 6*u - 3. Let q(j) = -5*j**2 + 7*j**3 - 25*j**3 + 5 + 17*j**3. Let y be q(-5). Calculate w(y).
-8
Let j(t) = t**2 - t + 1. Let b = -13 + 18. Let i be (-10)/(-25) + (-12)/b. Let h be (-17)/(-5) + i/5. Determine j(h).
7
Let y(v) = -6*v**2 + v - 6. Let h(j) = -j**2. Let t(q) = 5*h(q) - y(q). Let x(o) be the first derivative of t(o). Let u = 1 + -5. Calculate x(u).
-9
Let n = -19 - -13. Let t(a) = a**3 + 5*a**2 - 5*a + 6. Calculate t(n).
0
Let i = -1 - -2. Let g be (2/6)/(i/6). Let n(w) = -9*w + w**2 - w**3 + 9*w. Determine n(g).
-4
Let q(y) = 5*y + y - y - y - y**2. Calculate q(3).
3
Let a(n) be the first derivative of -n**5/120 - n**4/8 + 2*n**3/3 + 3. Let s(m) be the third derivative of a(m). Calculate s(3).
-6
Suppose -2*b + 1 = -5. Let z be -1*(4 - b)*-1. Let h(k) = -3*k**3 - 2*k**2 + k. Give h(z).
-4
Let m(u) be the third derivative of -1/3*u**3 + 0 + 0*u + u**2 + 1/24*u**4. Let v be (110/(-100) + 2/(-5))*-2. Determine m(v).
1
Suppose 2*w = -3*w + 25. Let f(u) = -u**3 + 6*u**2 - 5*u - 7. Give f(w).
-7
Let c(r) = 5 - 3*r + 2*r - 14. Calculate c(-6).
-3
Let w(h) = 7 + 3*h - 2*h + h**2 - 5*h. Calculate w(5).
12
Let t(j) be the third derivative of j**5/60 - j**4/24 - 2*j**3/3 - 11*j**2. Calculate t(-3).
8
Let z(i) = 5*i**3 - 7*i**2 - 7*i - 12. Let u(o) = -3*o**3 + 4*o**2 + 4*o + 6. Let n(g) = -7*u(g) - 4*z(g). Let b be ((-1)/2 + 0)*0. Determine n(b).
6
Let x(h) be the third derivative of -h**5/60 + h**4/8 + 4*h**2. Give x(2).
2
Suppose -y - u = 1, 2*u - 16 = 5*y + 3. Let i(b) = 6*b - 6. Let d(x) = -7*x + 7. Let k(p) = 4*d(p) + 5*i(p). Give k(y).
-8
Suppose y - 3 = -0. Let b(a) be the first derivative of -7*a**4/4 + 3*a**3 - 8*a + 3. Let r(l) = l**3 - l**2 + 1. Let k(v) = b(v) + 6*r(v). What is k(y)?
-2
Let b = -6 + 10. Let f(m) = 3*m - 4*m + m**3 - 9*m**2 + 7 + b*m**3. Let y(u) = -4*u**3 + 8*u**2 + u - 6. Let l(c) = -5*f(c) - 6*y(c). Calculate l(-3).
4
Let t(z) = z**3 - 4*z**2 - 4*z - 6. Let d be -10*((-3)/6 - 0). Determine t(d).
-1
Let h(p) = p**3 + 2*p**2 - 2*p - 2. Let s be 82/(-26) - (-22)/143. What is h(s)?
-5
Let n(l) = 8*l**2 + l - 4*l**3 - 5 + 3*l**3 - 7*l. Let a be n(7). Suppose -a*q + 4*q - 2 = -2*r, q - 4 = 0. Let i(d) = -d**2 + 1. Calculate i(r).
-8
Let z(x) be the first derivative of -x**3/3 - 8*x + 13. Calculate z(0).
-8
Let m = -29 - -25. Let z(i) be the third derivative of -i**4/24 - i**3 - i**2. What is z(m)?
-2
Let g(s) = -s**3 + 3*s**2 + s + 1. Let i(r) = r + 6. Let q be i(-6). Suppose 0 = -2*a - q + 6. Determine g(a).
4
Let j(t) be the second derivative of -t**3/6 + 3*t**2/2 + t. Let c(p) = -p - 3. Let f be c(6). Let z = f - -9. Give j(z).
3
Let o(j) = 0 - 2*j - 3 - 6*j - 5*j**2.